 - 18. Suppose -21 = -12*f + o*f. Determine s(f).
4
Let f(b) be the third derivative of 7*b**5/60 - b**4/6 + b**3/3 + 3*b**2. Suppose -27 = 9*t - 45. Calculate f(t).
22
Let y(k) = k**2 + k + 33. Let d = 367 + -367. Calculate y(d).
33
Let m(z) be the first derivative of -z**4/4 + 4*z**3/3 + 3*z**2/2 - 3*z - 35. Give m(5).
-13
Let n(p) = -2*p + 33. Let m be n(10). Suppose 0 = m*y - 8*y + 30. Let g(z) = -z**3 - 7*z**2 - 6*z + 8. Determine g(y).
8
Suppose 2*t = -4*v - 6, -4 = -2*v - 3*t + 3. Let w(g) = g**2 + 6*g + 3. Let q be w(v). Let j(h) = h**3 + 3*h**2 - h + 3*h**2 + 7*h. Give j(q).
-5
Let j(m) = -m + 3. Suppose -9 = -16*p + 7*p. Let f(y) = 2*y**2 - 2*y. Let z be f(p). Calculate j(z).
3
Let n = -34 + 37. Suppose 3*z = -n*z + 3*z. Let g(v) = v + 2. Determine g(z).
2
Suppose 0*j + 4*c = -j - 14, -2*j - 12 = 4*c. Let w(s) = 9*s**2 - 15*s. Let q(g) = -g**3 + 7*g**2 - 10*g. Let h(i) = 3*q(i) - 2*w(i). Calculate h(j).
-12
Let s(g) = -g - 2. Let w(r) = r**2 + 2*r + 3. Let c(j) = -4*s(j) - 3*w(j). Calculate c(-2).
-9
Let g(h) = 31*h**3 + 27*h**2 + 61*h + 56. Let b(d) = -11*d**3 - 9*d**2 - 21*d - 19. Let p(t) = 17*b(t) + 6*g(t). Give p(10).
3
Let w(v) = -4*v - 75. Let j(r) = -r - 23. Let z(t) = -7*j(t) + 2*w(t). Determine z(15).
-4
Let k = 10 - 7. Suppose 5 - k = x. Suppose -2 = -3*n + x*n. Let y(g) = g**2 - 2*g - 1. What is y(n)?
-1
Let d = 156 + -162. Let n(v) = -v**3 - 4*v**2 + 8*v - 1. What is n(d)?
23
Let s = -4 - -7. Suppose -a + 2 + s = 0. Let b(n) be the second derivative of n**5/20 - 5*n**4/12 + n**3/3 - n**2 - 5*n. Give b(a).
8
Let f(d) be the second derivative of 5*d**3/2 + d**2/2 - d. Suppose -11*l + 54 - 10 = 0. Suppose 4*o - l*p - 4 = 0, 3*o - 2*o = 4*p + 7. Give f(o).
-14
Let s = 27 + -20. Suppose s = 2*l - 3. Let d(b) = 2*b - 5. Determine d(l).
5
Let d(p) = -13*p**3 - 3*p**2 - 5*p - 17. Let o(l) = 28*l**3 + 6*l**2 + 12*l + 35. Let f(v) = 13*d(v) + 6*o(v). Determine f(-5).
4
Let k(p) = 7*p - 4*p + 2 + 12*p**2 - 5*p**2 - 9*p**2. Suppose -9 = i - 4*i. Calculate k(i).
-7
Let y be ((-6)/9)/(2/18). Let r(o) = 5*o + 2. Calculate r(y).
-28
Suppose 3*f + 55 = 14*f. Let a(b) = -2*b**3 + 12*b**2 - 7*b. What is a(f)?
15
Let t = 488 - 477. Let l(h) = h**3 - 10*h**2 - 10*h - 6. Calculate l(t).
5
Let t(g) be the third derivative of -g**5/10 + g**4/8 + g**3/6 - 230*g**2 + g. Give t(-2).
-29
Let a be 4/(-6)*-1*3. Let x(k) be the third derivative of 0*k + 1/120*k**6 - 1/12*k**5 + 1/3*k**3 + 0*k**4 - 3*k**2 + 0. Determine x(a).
-10
Let g(k) = -4*k - 1. Suppose -12*v - 196 = -5*v. Let s = v + 33. What is g(s)?
-21
Let n(h) be the second derivative of h**4/12 - h**3/6 + h**2/2 + h. Suppose -2*p - 4*f + 26 = -36, -2*f = 2*p - 58. Let r = p + -26. Calculate n(r).
1
Let k(v) = v**2 - 3*v - 1. Let u be -4 + 0 + 3 + 30. Suppose 0 = -u*g + 24*g + 20. Determine k(g).
3
Let f(n) = n**3 - 5*n**2 + 3*n. Suppose 5*z - 22 = -5*u + 3, -4*z = -u + 20. Let p be u/(-1)*(-12 + 18). Let k be p/4*2/(-6). What is f(k)?
-4
Let f(n) = -n + 5. Suppose -4*s + 4*z = -3*s + 7, 2*z - 89 = 5*s. Let l be (s + (-12)/(-3))*(-4)/12. Calculate f(l).
0
Let p(s) = -s**3 + 4*s + 4 + 5*s**2 - 3*s**2 - 2*s. Suppose 2*g - 2*n = -0*g + 38, 2*n = -10. Suppose -2*a = -3*h + 11, 3*a + 2*a + g = 3*h. Give p(h).
1
Let x(a) be the second derivative of a**5/20 + 5*a**4/6 - a**3/3 - 3*a**2/2 - 2*a. Suppose -358*j + 360*j = -20. Give x(j).
17
Suppose i - 4 = -i. Let w be 2*(-12)/3 - i. Let b = w + 12. Let r(c) = -c**3 + 3*c**2 + 2*c - 2. What is r(b)?
6
Let i(o) be the second derivative of -11*o**3/6 + o**2/2 + 30*o. Give i(-2).
23
Let m(n) be the second derivative of -1/6*n**3 + 0 + 1/24*n**5 + 0*n**2 + 5*n - 1/360*n**6 + 1/24*n**4. Let g(q) be the second derivative of m(q). Give g(5).
1
Suppose -x + 3 = -5*l, -l + x - 4 = -1. Let c = l + -7. Let m(s) = -s**3 - 6*s**2 + 6*s. Determine m(c).
7
Let r(u) = 5*u**3 - 7*u**2 + u - 2. Let k(b) = 4*b**3 - 6*b**2 + b - 1. Let y(w) = 6*k(w) - 5*r(w). Let f(i) = -i**2 + 8*i - 7. Let l be f(7). What is y(l)?
4
Suppose 0 = 5*f - f + 24. Let u(v) be the first derivative of -v**2 + v + 634. What is u(f)?
13
Suppose 3*k + 4 = -2, 2*n + k + 14 = 0. Let p be 1 + n + 4 + 0. Let o be (-18)/21 - p/(-7). Let w(i) = -i - 1. Calculate w(o).
0
Let q(k) = -k**3 - 9*k**2 - 10*k - 8. Let t = 481 + -489. What is q(t)?
8
Let z(g) = -2*g**3 + 3*g**2 + 4*g + 2. Let f(i) = i. Let o(s) = -5*f(s) + z(s). Determine o(2).
-4
Let x(n) be the first derivative of -n**4/4 + 8*n**3/3 + 5*n**2 - 11*n - 33. Determine x(9).
-2
Let t(s) = 3*s**3 + 5*s**2 - 5*s + 5. Let r(j) be the first derivative of j**4/4 + j - 1. Let z = -198 + 197. Let m(i) = z*t(i) + 4*r(i). Determine m(4).
3
Let n(d) = 474*d + 486*d - 971*d + 2 - 3*d**2 + 2*d**2 - 8. What is n(-10)?
4
Let s(g) be the second derivative of g**4/6 + 2*g**3 + 3*g**2 - 31*g + 4. What is s(-4)?
-10
Suppose -m = 5*a - 10, 5*m - 10*m = 2*a + 19. Let k(u) be the second derivative of 1/6*u**3 - 2*u + 0 - 2*u**2. Give k(m).
-9
Suppose 2*o = 3*o - 4. Suppose -3*r + 0*r + 9 = 0. Let t(v) = -1 - 3*v**3 - 2*v**2 - v**2 + 2*v**r + 8*v**2. Give t(o).
15
Let p be (-4)/(-2 - -1 - 1). Suppose 24 = -p*v + 4*v. Let q = 15 - v. Let y(f) = f**3 - 2*f**2 - 3*f - 4. Determine y(q).
-4
Let p(q) = q + 7. Suppose -18*r + 5*b = -20*r - 9, 5 = -5*b. Calculate p(r).
5
Suppose 0 = v + 22 - 132. Let j = -117 + v. Let o(c) = c**2 + 7*c - 8. Let z(k) = k + 1. Let a(f) = -o(f) - z(f). What is a(j)?
14
Let t = 378 - 384. Let i(s) = s**3 + 4*s**2 - 11*s - 2. Give i(t).
-8
Let j(k) be the third derivative of -11/24*k**4 - 26*k**2 + 1/60*k**5 + 0 + 0*k + 11/6*k**3. What is j(10)?
1
Let l(d) = -36 + 15 + d**2 + 0*d + 3*d + 20. Give l(-3).
-1
Let m(x) = -x**2 + 2*x - 3. Let o(a) = a**3 - 8*a**2 + 11*a - 12. Let l be o(6). Let w = l - -22. Let s be w/8*0 - -3. Calculate m(s).
-6
Let p(u) = u + 8. Let k be p(-8). Let r(o) = -o**3 + 6*o**2 + 10*o - 8. Let v be r(7). Let c(s) = s + 14*s**2 - v*s**2 - 2 - 4. Determine c(k).
-6
Let r(b) = b**3 + 11*b**2 + 9*b + 12. Let m be r(-10). Let h = m - 18. Let v(n) be the first derivative of -n**3/3 + 5*n**2/2 + 3*n + 35. Determine v(h).
7
Let i(n) = -5*n**2 - 2*n - 2. Let y(d) = -d - 1. Let m(p) = i(p) - 2*y(p). Suppose 14 = 4*h + 2. Suppose 4 = h*z + 1. What is m(z)?
-5
Let r(v) = -v + 1. Let c = -12 - -18. Suppose 0 = -b + c + 9. Suppose -b*p + 17*p = -2. Give r(p).
2
Let r(p) = p**3 + 6*p**2 - 6*p + 7. Let h(n) be the third derivative of -n**6/120 + 7*n**5/60 - n**4/2 + n**3/2 - n**2. Let t be h(5). Determine r(t).
0
Let j = -2 - 9. Let l = -14 - j. Let g be ((-3)/(-3))/(l/(-12)). Let i(d) = -d**2 + 4*d - 5. Determine i(g).
-5
Let h(i) = 8*i**2 + i. Let v be (-6)/3 + (1 - (3 - 5)). Suppose 27*n - 26*n = v. What is h(n)?
9
Let v(j) = -2*j - 4. Let u = 73 + -75. Determine v(u).
0
Let b(h) = -h**3 + 4*h**2 + 5*h - 3. Let p(x) = 5*x**3 + x**2 - 2*x. Let c be p(1). Let j be (-16)/(-24)*30/c. Suppose j*v + 4 = 29. Determine b(v).
-3
Suppose 223*l - 222*l = -15. Let g(b) = b**2 + 15*b + 4. Give g(l).
4
Let r(x) = x + 3. Let h be r(-6). Suppose -4*a = 5*i + 2 - 9, 0 = -2*i - 3*a. Let w(b) = -3*b - 2*b**i + 3*b**2 - 18 + 3*b**3 + 17 - b. What is w(h)?
11
Let r = -43 - -50. Suppose -w = -r*w + 12. Let x(q) = -4*q**2 - q - 2. What is x(w)?
-20
Let j(w) = -20*w + 2*w**3 + 24*w - 2*w**3 - 1 - 4*w**2 - w**3. Let p(t) = t**3 - 3*t**2 + 3*t - 2. Let x be p(3). Let o = 2 - x. Give j(o).
4
Let d(p) = 553*p**2 - 3*p - 3*p - 554*p**2 - 7. Calculate d(-5).
-2
Let a = 28 + -25. Let m(s) = -9 - s + 3*s**a - 5*s**3 - 3*s + 11 + 4*s**2. What is m(2)?
-6
Let w be (-2)/1 + -1 + 7. Let f be 2*3/6 - -5. Let a(c) = f*c - 1 + 3 - 9*c. Give a(w).
-10
Suppose i + 3*d + 1 = 0, 2*i - 9 = 3*d + 2*d. Let n(w) = -2*w**3 - 6*w**2 + 3*w**3 + 0*w**2 + 0*w**i - 2. Determine n(6).
-2
Let o be 65/(-15) + 4/12. Let d(l) = -l - 2 + 2 - 4 - 2 + 0. Calculate d(o).
-2
Let g(h) = 4*h**2 - 6*h**2 + h**2 - h. Suppose -5*c + o + 23 = 0, -5*c - 3*o + 13 = 2. Let n be -6 + 12 - (c + -1). Give g(n).
-12
Suppose 0 = m - 4*m - 21. Let p(j) = -101*j - 1. Let s(c) = -121*c. Let w(o) = -6*p(o) + 5*s(o). What is w(m)?
-1
Let j(y) = -y**2 + 2*y. Let v(u) = -4*u**2 + 11*u - 1. Let p(c) = -10*j(c) + 2*v(c). Let w be 12/(-9) - (-2)/(-3). Determine p(w).
2
Let d(q) = 15*q**3 + 15*q**2 + 2*q - 6. Let v(k) =